{"version":"1.0","provider_name":"Suessem, je t&#039;aime","provider_url":"https:\/\/www.suessemjetaime.lu\/fr\/","author_name":"Suessem","author_url":"https:\/\/www.suessemjetaime.lu\/fr\/author\/suessem\/","title":"Les jardins communautaires, l\u2019\u00e2me verte de Sanem &bull; Suessem, je t&#039;aime","type":"rich","width":600,"height":338,"html":"<blockquote class=\"wp-embedded-content\"><a href=\"https:\/\/www.suessemjetaime.lu\/fr\/les-jardins-communautaires-lame-verte-de-sanem\/\">Les jardins communautaires, l\u2019\u00e2me verte de Sanem<\/a><\/blockquote>\n<script type='text\/javascript'>\n<!--\/\/--><![CDATA[\/\/><!--\n\t\t\/*! This file is auto-generated *\/\n\t\t!function(d,l){\"use strict\";var e=!1,n=!1;if(l.querySelector)if(d.addEventListener)e=!0;if(d.wp=d.wp||{},!d.wp.receiveEmbedMessage)if(d.wp.receiveEmbedMessage=function(e){var t=e.data;if(t)if(t.secret||t.message||t.value)if(!\/[^a-zA-Z0-9]\/.test(t.secret)){for(var r,i,a,s=l.querySelectorAll('iframe[data-secret=\"'+t.secret+'\"]'),n=l.querySelectorAll('blockquote[data-secret=\"'+t.secret+'\"]'),o=new RegExp(\"^https?:$\",\"i\"),c=0;c<n.length;c++)n[c].style.display=\"none\";for(c=0;c<s.length;c++)if(r=s[c],e.source===r.contentWindow){if(r.removeAttribute(\"style\"),\"height\"===t.message){if(1e3<(a=parseInt(t.value,10)))a=1e3;else if(~~a<200)a=200;r.height=a}if(\"link\"===t.message)if(i=l.createElement(\"a\"),a=l.createElement(\"a\"),i.href=r.getAttribute(\"src\"),a.href=t.value,o.test(a.protocol))if(a.host===i.host)if(l.activeElement===r)d.top.location.href=t.value}}},e)d.addEventListener(\"message\",d.wp.receiveEmbedMessage,!1),l.addEventListener(\"DOMContentLoaded\",t,!1),d.addEventListener(\"load\",t,!1);function t(){if(!n){n=!0;for(var e,t,r=-1!==navigator.appVersion.indexOf(\"MSIE 10\"),i=!!navigator.userAgent.match(\/Trident.*rv:11\\.\/),a=l.querySelectorAll(\"iframe.wp-embedded-content\"),s=0;s<a.length;s++){if(!(e=a[s]).getAttribute(\"data-secret\"))t=Math.random().toString(36).substr(2,10),e.src+=\"#?secret=\"+t,e.setAttribute(\"data-secret\",t);if(r||i)(t=e.cloneNode(!0)).removeAttribute(\"security\"),e.parentNode.replaceChild(t,e)}}}}(window,document);\n\/\/--><!]]>\n<\/script><iframe sandbox=\"allow-scripts\" security=\"restricted\" src=\"https:\/\/www.suessemjetaime.lu\/fr\/les-jardins-communautaires-lame-verte-de-sanem\/embed\/\" width=\"600\" height=\"338\" title=\"\u00ab\u00a0Les jardins communautaires, l\u2019\u00e2me verte de Sanem\u00a0\u00bb &#8212; Suessem, je t&#039;aime\" frameborder=\"0\" marginwidth=\"0\" marginheight=\"0\" scrolling=\"no\" class=\"wp-embedded-content\"><\/iframe>","thumbnail_url":"https:\/\/www.suessemjetaime.lu\/wp-content\/uploads\/2019\/07\/1200_sanem_jardin-communautaire-sanem_022.jpg","thumbnail_width":1200,"thumbnail_height":800,"description":"Les oiseaux chantent et le soleil est radieux. C\u2019est par un chaud samedi d\u2019\u00e9t\u00e9 que nous avons pris la direction du jardin communautaire de Sanem, situ\u00e9 \u00e0 quelques encablures du Ch\u00e2teau de la Commune. Au programme : remuer la terre, [&hellip;]"}

Les jardins communautaires, l’âme verte de Sanem &bull; Suessem, je t&#039;aime

<blockquote class="wp-embedded-content"><a href="https://www.suessemjetaime.lu/fr/les-jardins-communautaires-lame-verte-de-sanem/">Les jardins communautaires, l’âme verte de Sanem</a></blockquote>
<script type='text/javascript'>
<!--//--><![CDATA[//><!--
		/*! This file is auto-generated */
		!function(d,l){"use strict";var e=!1,n=!1;if(l.querySelector)if(d.addEventListener)e=!0;if(d.wp=d.wp||{},!d.wp.receiveEmbedMessage)if(d.wp.receiveEmbedMessage=function(e){var t=e.data;if(t)if(t.secret||t.message||t.value)if(!/[^a-zA-Z0-9]/.test(t.secret)){for(var r,i,a,s=l.querySelectorAll('iframe[data-secret="'+t.secret+'"]'),n=l.querySelectorAll('blockquote[data-secret="'+t.secret+'"]'),o=new RegExp("^https?:$","i"),c=0;c<n.length;c++)n[c].style.display="none";for(c=0;c<s.length;c++)if(r=s[c],e.source===r.contentWindow){if(r.removeAttribute("style"),"height"===t.message){if(1e3<(a=parseInt(t.value,10)))a=1e3;else if(~~a<200)a=200;r.height=a}if("link"===t.message)if(i=l.createElement("a"),a=l.createElement("a"),i.href=r.getAttribute("src"),a.href=t.value,o.test(a.protocol))if(a.host===i.host)if(l.activeElement===r)d.top.location.href=t.value}}},e)d.addEventListener("message",d.wp.receiveEmbedMessage,!1),l.addEventListener("DOMContentLoaded",t,!1),d.addEventListener("load",t,!1);function t(){if(!n){n=!0;for(var e,t,r=-1!==navigator.appVersion.indexOf("MSIE 10"),i=!!navigator.userAgent.match(/Trident.*rv:11\./),a=l.querySelectorAll("iframe.wp-embedded-content"),s=0;s<a.length;s++){if(!(e=a[s]).getAttribute("data-secret"))t=Math.random().toString(36).substr(2,10),e.src+="#?secret="+t,e.setAttribute("data-secret",t);if(r||i)(t=e.cloneNode(!0)).removeAttribute("security"),e.parentNode.replaceChild(t,e)}}}}(window,document);
//--><!]]>
</script><iframe sandbox="allow-scripts" security="restricted" src="https://www.suessemjetaime.lu/fr/les-jardins-communautaires-lame-verte-de-sanem/embed/" width="600" height="338" title="« Les jardins communautaires, l’âme verte de Sanem » &#8212; Suessem, je t&#039;aime" frameborder="0" marginwidth="0" marginheight="0" scrolling="no" class="wp-embedded-content"></iframe>

Les oiseaux chantent et le soleil est radieux. C’est par un chaud samedi d’été que nous avons pris la direction du jardin communautaire de Sanem, situé à quelques encablures du Château de la Commune. Au programme : remuer la terre, [&hellip;]
