{"version":"1.0","provider_name":"Suessem, je t&#039;aime","provider_url":"https:\/\/www.suessemjetaime.lu\/fr\/","author_name":"Suessem","author_url":"https:\/\/www.suessemjetaime.lu\/fr\/author\/suessem\/","title":"Feeling summer with Summerfeeling! &bull; Suessem, je t&#039;aime","type":"rich","width":600,"height":338,"html":"<blockquote class=\"wp-embedded-content\"><a href=\"https:\/\/www.suessemjetaime.lu\/fr\/feeling-summer-with-summerfeeling\/\">Feeling summer with Summerfeeling!<\/a><\/blockquote>\n<script type='text\/javascript'>\n<!--\/\/--><![CDATA[\/\/><!--\n\t\t\/*! This file is auto-generated *\/\n\t\t!function(d,l){\"use strict\";var e=!1,n=!1;if(l.querySelector)if(d.addEventListener)e=!0;if(d.wp=d.wp||{},!d.wp.receiveEmbedMessage)if(d.wp.receiveEmbedMessage=function(e){var t=e.data;if(t)if(t.secret||t.message||t.value)if(!\/[^a-zA-Z0-9]\/.test(t.secret)){for(var r,i,a,s=l.querySelectorAll('iframe[data-secret=\"'+t.secret+'\"]'),n=l.querySelectorAll('blockquote[data-secret=\"'+t.secret+'\"]'),o=new RegExp(\"^https?:$\",\"i\"),c=0;c<n.length;c++)n[c].style.display=\"none\";for(c=0;c<s.length;c++)if(r=s[c],e.source===r.contentWindow){if(r.removeAttribute(\"style\"),\"height\"===t.message){if(1e3<(a=parseInt(t.value,10)))a=1e3;else if(~~a<200)a=200;r.height=a}if(\"link\"===t.message)if(i=l.createElement(\"a\"),a=l.createElement(\"a\"),i.href=r.getAttribute(\"src\"),a.href=t.value,o.test(a.protocol))if(a.host===i.host)if(l.activeElement===r)d.top.location.href=t.value}}},e)d.addEventListener(\"message\",d.wp.receiveEmbedMessage,!1),l.addEventListener(\"DOMContentLoaded\",t,!1),d.addEventListener(\"load\",t,!1);function t(){if(!n){n=!0;for(var e,t,r=-1!==navigator.appVersion.indexOf(\"MSIE 10\"),i=!!navigator.userAgent.match(\/Trident.*rv:11\\.\/),a=l.querySelectorAll(\"iframe.wp-embedded-content\"),s=0;s<a.length;s++){if(!(e=a[s]).getAttribute(\"data-secret\"))t=Math.random().toString(36).substr(2,10),e.src+=\"#?secret=\"+t,e.setAttribute(\"data-secret\",t);if(r||i)(t=e.cloneNode(!0)).removeAttribute(\"security\"),e.parentNode.replaceChild(t,e)}}}}(window,document);\n\/\/--><!]]>\n<\/script><iframe sandbox=\"allow-scripts\" security=\"restricted\" src=\"https:\/\/www.suessemjetaime.lu\/fr\/feeling-summer-with-summerfeeling\/embed\/\" width=\"600\" height=\"338\" title=\"\u00ab\u00a0Feeling summer with Summerfeeling!\u00a0\u00bb &#8212; Suessem, je t&#039;aime\" frameborder=\"0\" marginwidth=\"0\" marginheight=\"0\" scrolling=\"no\" class=\"wp-embedded-content\"><\/iframe>","thumbnail_url":"https:\/\/www.suessemjetaime.lu\/wp-content\/uploads\/2019\/07\/1200_800_sanem_summer.jpg","thumbnail_width":1200,"thumbnail_height":800,"description":"Les 8-9-10 juin dernier, \u00e0 quelques jours de l\u2019arriv\u00e9e de l\u2019\u00e9t\u00e9, qu\u2019il faisait bon fl\u00e2ner dans le parc du Ch\u00e2teau de Sanem. Pour cette seconde \u00e9dition du Summerfeeling, les petits plats avaient \u00e9t\u00e9 mis dans les grands : march\u00e9 solidaire, [&hellip;]"}

Les 8-9-10 juin dernier, à quelques jours de l’arrivée de l’été, qu’il faisait bon flâner dans le parc du Château de Sanem. Pour cette seconde édition du Summerfeeling, les petits plats avaient été mis dans les grands : marché solidaire, [&hellip;]
