{"version":"1.0","provider_name":"Suessem, je t&#039;aime","provider_url":"https:\/\/www.suessemjetaime.lu\/fr\/","author_name":"Suessem","author_url":"https:\/\/www.suessemjetaime.lu\/fr\/author\/suessem\/","title":"Petit pays, grand show &bull; Suessem, je t&#039;aime","type":"rich","width":600,"height":338,"html":"<blockquote class=\"wp-embedded-content\"><a href=\"https:\/\/www.suessemjetaime.lu\/fr\/ericlehmann\/\">Petit pays, grand show<\/a><\/blockquote>\n<script type='text\/javascript'>\n<!--\/\/--><![CDATA[\/\/><!--\n\t\t\/*! This file is auto-generated *\/\n\t\t!function(d,l){\"use strict\";var e=!1,n=!1;if(l.querySelector)if(d.addEventListener)e=!0;if(d.wp=d.wp||{},!d.wp.receiveEmbedMessage)if(d.wp.receiveEmbedMessage=function(e){var t=e.data;if(t)if(t.secret||t.message||t.value)if(!\/[^a-zA-Z0-9]\/.test(t.secret)){for(var r,i,a,s=l.querySelectorAll('iframe[data-secret=\"'+t.secret+'\"]'),n=l.querySelectorAll('blockquote[data-secret=\"'+t.secret+'\"]'),o=new RegExp(\"^https?:$\",\"i\"),c=0;c<n.length;c++)n[c].style.display=\"none\";for(c=0;c<s.length;c++)if(r=s[c],e.source===r.contentWindow){if(r.removeAttribute(\"style\"),\"height\"===t.message){if(1e3<(a=parseInt(t.value,10)))a=1e3;else if(~~a<200)a=200;r.height=a}if(\"link\"===t.message)if(i=l.createElement(\"a\"),a=l.createElement(\"a\"),i.href=r.getAttribute(\"src\"),a.href=t.value,o.test(a.protocol))if(a.host===i.host)if(l.activeElement===r)d.top.location.href=t.value}}},e)d.addEventListener(\"message\",d.wp.receiveEmbedMessage,!1),l.addEventListener(\"DOMContentLoaded\",t,!1),d.addEventListener(\"load\",t,!1);function t(){if(!n){n=!0;for(var e,t,r=-1!==navigator.appVersion.indexOf(\"MSIE 10\"),i=!!navigator.userAgent.match(\/Trident.*rv:11\\.\/),a=l.querySelectorAll(\"iframe.wp-embedded-content\"),s=0;s<a.length;s++){if(!(e=a[s]).getAttribute(\"data-secret\"))t=Math.random().toString(36).substr(2,10),e.src+=\"#?secret=\"+t,e.setAttribute(\"data-secret\",t);if(r||i)(t=e.cloneNode(!0)).removeAttribute(\"security\"),e.parentNode.replaceChild(t,e)}}}}(window,document);\n\/\/--><!]]>\n<\/script><iframe sandbox=\"allow-scripts\" security=\"restricted\" src=\"https:\/\/www.suessemjetaime.lu\/fr\/ericlehmann\/embed\/\" width=\"600\" height=\"338\" title=\"\u00ab\u00a0Petit pays, grand show\u00a0\u00bb &#8212; Suessem, je t&#039;aime\" frameborder=\"0\" marginwidth=\"0\" marginheight=\"0\" scrolling=\"no\" class=\"wp-embedded-content\"><\/iframe>","thumbnail_url":"https:\/\/www.suessemjetaime.lu\/wp-content\/uploads\/2025\/04\/ITV_EricLehmann_250123_DSF8258-scaled.jpg","thumbnail_width":2560,"thumbnail_height":1707,"description":"Apr\u00e8s plus de 30 ans d&rsquo;absence, le Luxembourg a c\u00e9l\u00e9br\u00e9 en 2024 son grand retour sur la sc\u00e8ne de l\u2019Eurovision. Cette ann\u00e9e, c\u2019est \u00e0 la chanteuse luxembourgeoise Laura Thorn qu\u2019il revient de conqu\u00e9rir les faveurs du public international. Depuis la [&hellip;]"}

Après plus de 30 ans d&rsquo;absence, le Luxembourg a célébré en 2024 son grand retour sur la scène de l’Eurovision. Cette année, c’est à la chanteuse luxembourgeoise Laura Thorn qu’il revient de conquérir les faveurs du public international. Depuis la [&hellip;]
